{"id":1231,"date":"2022-07-01T00:12:52","date_gmt":"2022-07-01T00:12:52","guid":{"rendered":"https:\/\/artheke.com\/?page_id=1231"},"modified":"2022-09-17T08:36:36","modified_gmt":"2022-09-17T08:36:36","slug":"bancos-de-imagenes","status":"publish","type":"page","link":"https:\/\/www.artheke.com\/?page_id=1231","title":{"rendered":"Bancos de Im\u00e1genes"},"content":{"rendered":"\n<figure class=\"wp-block-image size-full\"><img loading=\"lazy\" decoding=\"async\" width=\"1024\" height=\"742\" src=\"https:\/\/artheke.com\/wp-content\/uploads\/2022\/07\/service-pnp-ggbain-09600-09640v.jpg\" alt=\"\" class=\"wp-image-1256\" srcset=\"https:\/\/www.artheke.com\/wp-content\/uploads\/2022\/07\/service-pnp-ggbain-09600-09640v.jpg 1024w, https:\/\/www.artheke.com\/wp-content\/uploads\/2022\/07\/service-pnp-ggbain-09600-09640v-300x217.jpg 300w, https:\/\/www.artheke.com\/wp-content\/uploads\/2022\/07\/service-pnp-ggbain-09600-09640v-768x557.jpg 768w\" sizes=\"auto, (max-width: 1024px) 100vw, 1024px\" \/><figcaption>Figura: Miss E. Moore. Gan\u00f3 el primer t\u00edtulo estadounidense en 1896. <br>Library of Congress.<\/figcaption><\/figure>\n\n\n\n<h2 class=\"has-gray-color has-white-background-color has-text-color has-background has-extra-large-font-size wp-block-heading\">Si\u00e9ntete libre de utilizar estas im\u00e1genes:<\/h2>\n\n\n\n<div class=\"wp-block-buttons is-content-justification-center is-layout-flex wp-container-core-buttons-is-layout-16018d1d wp-block-buttons-is-layout-flex\">\n<div class=\"wp-block-button has-custom-font-size is-style-outline has-large-font-size is-style-outline--1\"><a class=\"wp-block-button__link has-yellow-color has-gray-background-color has-text-color has-background\" href=\"https:\/\/www.loc.gov\/free-to-use\/\" target=\"_blank\" rel=\"noreferrer noopener\">Im\u00e1genes libres para su utilizaci\u00f3n<\/a><\/div>\n<\/div>\n\n\n\n<p>La <em><strong>Biblioteca del Congreso<\/strong> <\/em>que tiene reservado un espacio especial para encontrar aquellas <strong>im\u00e1genes de determinadas tem\u00e1ticas<\/strong> con acceso abierto y libres para su utilizaci\u00f3n y reutilizaci\u00f3n. <\/p>\n\n\n\n<p>Adem\u00e1s de los sitios web facilitados por las distintas bibliotecas en los que tambi\u00e9n pueden encontrarse im\u00e1genes libres,  <strong>hay diversas plataformas<\/strong> que facilitan el acceso a im\u00e1genes para ser utilizadas libremente. Entre otras direcciones, un enlace para obtener im\u00e1genes digitales gratuitas sobre el mundo antiguo \u2014cit\u00e1ndolas adecuadamente\u2014:<\/p>\n\n\n\n<div class=\"wp-block-buttons is-layout-flex wp-block-buttons-is-layout-flex\">\n<div class=\"wp-block-button has-custom-font-size is-style-outline has-large-font-size is-style-outline--2\"><a class=\"wp-block-button__link has-dark-gray-color has-yellow-background-color has-text-color has-background\" href=\"https:\/\/isaw.nyu.edu\/publications\/research-reference\/awib\" target=\"_blank\" rel=\"noreferrer noopener\">BANCO DE IM\u00c1GENES DEL MUNDO ANTIGUO (AWIB: Ancient World Image Bank)<\/a><\/div>\n<\/div>\n\n\n\n<p><strong>Referencias:<\/strong><\/p>\n\n\n\n<p>Servicio de Noticias Bain, P. (ca. 1910)&nbsp;Srta. E. Moore&nbsp;.&nbsp;, ca.&nbsp;1910. [Entre y Ca.&nbsp;1915] [Fotograf\u00eda] Obtenido de la Biblioteca del Congreso, <a href=\"https:\/\/www.loc.gov\/item\/2014689625\/.\" data-type=\"URL\" data-id=\"https:\/\/www.loc.gov\/item\/2014689625\/.\" target=\"_blank\" rel=\"noreferrer noopener\">https:\/\/www.loc.gov\/item\/2014689625\/.<\/a><\/p>\n\n\n\n<p>Bagnall, Roger, Tom Elliott, Nate Nagy e Iris Fernandez, eds., Ancient World Image Bank (Nueva York: Instituto para el Estudio del Mundo Antiguo, 2009-),&nbsp;<a href=\"https:\/\/isaw.nyu.edu\/awib\/\">http:\/\/isaw.nyu.edu\/awib\/<\/a>&nbsp;.<\/p>\n\n\n\n<div class=\"wp-block-group is-vertical is-layout-flex wp-container-core-group-is-layout-8cf370e7 wp-block-group-is-layout-flex\">\n<p class=\"has-extra-small-font-size\">Publicada el\u00a01 de julio de 2022<\/p>\n\n\n\n<p class=\"has-extra-small-font-size\">Por&nbsp;<a href=\"https:\/\/artheke.com\/?author=1\">Cebri\u00e1n Gonz\u00e1lez Mar\u00eda Teresa<\/a><\/p>\n<\/div>\n","protected":false},"excerpt":{"rendered":"<p>Si\u00e9ntete libre de utilizar estas im\u00e1genes: La Biblioteca del Congreso que tiene reservado un espacio especial para encontrar aquellas im\u00e1genes de determinadas tem\u00e1ticas con acceso abierto y libres para su utilizaci\u00f3n y reutilizaci\u00f3n. Adem\u00e1s de los sitios web facilitados por las distintas bibliotecas en los que tambi\u00e9n pueden encontrarse im\u00e1genes libres, hay diversas plataformas que&hellip; <a class=\"more-link\" href=\"https:\/\/www.artheke.com\/?page_id=1231\">Seguir leyendo <span class=\"screen-reader-text\">Bancos de Im\u00e1genes<\/span><\/a><\/p>\n","protected":false},"author":1,"featured_media":0,"parent":0,"menu_order":0,"comment_status":"closed","ping_status":"closed","template":"","meta":{"footnotes":""},"class_list":["post-1231","page","type-page","status-publish","hentry","entry"],"_links":{"self":[{"href":"https:\/\/www.artheke.com\/index.php?rest_route=\/wp\/v2\/pages\/1231","targetHints":{"allow":["GET"]}}],"collection":[{"href":"https:\/\/www.artheke.com\/index.php?rest_route=\/wp\/v2\/pages"}],"about":[{"href":"https:\/\/www.artheke.com\/index.php?rest_route=\/wp\/v2\/types\/page"}],"author":[{"embeddable":true,"href":"https:\/\/www.artheke.com\/index.php?rest_route=\/wp\/v2\/users\/1"}],"replies":[{"embeddable":true,"href":"https:\/\/www.artheke.com\/index.php?rest_route=%2Fwp%2Fv2%2Fcomments&post=1231"}],"version-history":[{"count":8,"href":"https:\/\/www.artheke.com\/index.php?rest_route=\/wp\/v2\/pages\/1231\/revisions"}],"predecessor-version":[{"id":1372,"href":"https:\/\/www.artheke.com\/index.php?rest_route=\/wp\/v2\/pages\/1231\/revisions\/1372"}],"wp:attachment":[{"href":"https:\/\/www.artheke.com\/index.php?rest_route=%2Fwp%2Fv2%2Fmedia&parent=1231"}],"curies":[{"name":"wp","href":"https:\/\/api.w.org\/{rel}","templated":true}]}}