{"id":1397,"date":"2022-09-27T17:12:38","date_gmt":"2022-09-27T17:12:38","guid":{"rendered":"https:\/\/artheke.com\/?page_id=1397"},"modified":"2022-09-27T17:12:38","modified_gmt":"2022-09-27T17:12:38","slug":"clio-history-and-history-teaching","status":"publish","type":"page","link":"https:\/\/www.artheke.com\/?page_id=1397","title":{"rendered":"\u00abCl\u00edo. History and History Teaching\u00bb"},"content":{"rendered":"\n<p>Revista publicada en 1998 con una periodicidad anual desde 2003. Es editada por la Asociaci\u00f3n \u00abProyecto Cl\u00edo\u00bb y desde 2020 en coedici\u00f3n con la Universidad de Zaragoza.<\/p>\n\n\n\n<p>El antiguo enlace:<\/p>\n\n\n\n<div class=\"wp-block-buttons is-content-justification-center is-layout-flex wp-container-core-buttons-is-layout-16018d1d wp-block-buttons-is-layout-flex\">\n<div class=\"wp-block-button has-custom-font-size is-style-outline has-extra-large-font-size is-style-outline--1\"><a class=\"wp-block-button__link has-black-color has-white-background-color has-text-color has-background\" href=\"http:\/\/clio.rediris.es\/index.html\" target=\"_blank\" rel=\"noreferrer noopener\">Cl\u00edo<\/a><\/div>\n<\/div>\n\n\n\n<p>El nuevo enlace desde 2020:<\/p>\n\n\n\n<div class=\"wp-block-buttons is-content-justification-center is-layout-flex wp-container-core-buttons-is-layout-16018d1d wp-block-buttons-is-layout-flex\">\n<div class=\"wp-block-button has-custom-font-size is-style-outline has-huge-font-size is-style-outline--2\"><a class=\"wp-block-button__link has-black-color has-text-color has-background\" href=\"https:\/\/papiro.unizar.es\/ojs\/index.php\/clio\/index\" style=\"background-color:#276496\" target=\"_blank\" rel=\"noreferrer noopener\">Cl\u00edo<\/a><\/div>\n<\/div>\n\n\n\n<div class=\"wp-block-group is-vertical is-layout-flex wp-container-core-group-is-layout-8cf370e7 wp-block-group-is-layout-flex\">\n<p class=\"has-extra-small-font-size\">Publicada el\u00a027 de septiembre de 2022<\/p>\n\n\n\n<p class=\"has-extra-small-font-size\">Por&nbsp;<a href=\"https:\/\/artheke.com\/?author=1\">Cebri\u00e1n Gonz\u00e1lez, Mar\u00eda Teresa<\/a><\/p>\n<\/div>\n","protected":false},"excerpt":{"rendered":"<p>Revista publicada en 1998 con una periodicidad anual desde 2003. Es editada por la Asociaci\u00f3n \u00abProyecto Cl\u00edo\u00bb y desde 2020 en coedici\u00f3n con la Universidad de Zaragoza. El antiguo enlace: El nuevo enlace desde 2020: Publicada el\u00a027 de septiembre de 2022 Por&nbsp;Cebri\u00e1n Gonz\u00e1lez, Mar\u00eda Teresa<\/p>\n","protected":false},"author":1,"featured_media":0,"parent":0,"menu_order":0,"comment_status":"closed","ping_status":"closed","template":"","meta":{"footnotes":""},"class_list":["post-1397","page","type-page","status-publish","hentry","entry"],"_links":{"self":[{"href":"https:\/\/www.artheke.com\/index.php?rest_route=\/wp\/v2\/pages\/1397","targetHints":{"allow":["GET"]}}],"collection":[{"href":"https:\/\/www.artheke.com\/index.php?rest_route=\/wp\/v2\/pages"}],"about":[{"href":"https:\/\/www.artheke.com\/index.php?rest_route=\/wp\/v2\/types\/page"}],"author":[{"embeddable":true,"href":"https:\/\/www.artheke.com\/index.php?rest_route=\/wp\/v2\/users\/1"}],"replies":[{"embeddable":true,"href":"https:\/\/www.artheke.com\/index.php?rest_route=%2Fwp%2Fv2%2Fcomments&post=1397"}],"version-history":[{"count":1,"href":"https:\/\/www.artheke.com\/index.php?rest_route=\/wp\/v2\/pages\/1397\/revisions"}],"predecessor-version":[{"id":1398,"href":"https:\/\/www.artheke.com\/index.php?rest_route=\/wp\/v2\/pages\/1397\/revisions\/1398"}],"wp:attachment":[{"href":"https:\/\/www.artheke.com\/index.php?rest_route=%2Fwp%2Fv2%2Fmedia&parent=1397"}],"curies":[{"name":"wp","href":"https:\/\/api.w.org\/{rel}","templated":true}]}}

«Clío. History and History Teaching»

<p>Revista publicada en 1998 con una periodicidad anual desde 2003. Es editada por la Asociación «Proyecto Clío» y desde 2020 en coedición con la Universidad de Zaragoza.</p>



<p>El antiguo enlace:</p>



<div class="wp-block-buttons is-content-justification-center is-layout-flex wp-container-core-buttons-is-layout-16018d1d wp-block-buttons-is-layout-flex">
<div class="wp-block-button has-custom-font-size is-style-outline has-extra-large-font-size is-style-outline--1"><a class="wp-block-button__link has-black-color has-white-background-color has-text-color has-background" href="http://clio.rediris.es/index.html" target="_blank" rel="noreferrer noopener">Clío</a></div>
</div>



<p>El nuevo enlace desde 2020:</p>



<div class="wp-block-buttons is-content-justification-center is-layout-flex wp-container-core-buttons-is-layout-16018d1d wp-block-buttons-is-layout-flex">
<div class="wp-block-button has-custom-font-size is-style-outline has-huge-font-size is-style-outline--2"><a class="wp-block-button__link has-black-color has-text-color has-background" href="https://papiro.unizar.es/ojs/index.php/clio/index" style="background-color:#276496" target="_blank" rel="noreferrer noopener">Clío</a></div>
</div>



<div class="wp-block-group is-vertical is-layout-flex wp-container-core-group-is-layout-8cf370e7 wp-block-group-is-layout-flex">
<p class="has-extra-small-font-size">Publicada el 27 de septiembre de 2022</p>



<p class="has-extra-small-font-size">Por&nbsp;<a href="https://artheke.com/?author=1">Cebrián González, María Teresa</a></p>
</div>

<p>Revista publicada en 1998 con una periodicidad anual desde 2003. Es editada por la Asociación «Proyecto Clío» y desde 2020 en coedición con la Universidad de Zaragoza. El antiguo enlace: El nuevo enlace desde 2020: Publicada el 27 de septiembre de 2022 Por&nbsp;Cebrián González, María Teresa</p>
