{"id":1464,"date":"2022-12-19T22:47:09","date_gmt":"2022-12-19T22:47:09","guid":{"rendered":"https:\/\/artheke.com\/?page_id=1464"},"modified":"2022-12-19T23:31:25","modified_gmt":"2022-12-19T23:31:25","slug":"old-maps-online","status":"publish","type":"page","link":"https:\/\/www.artheke.com\/?page_id=1464","title":{"rendered":"OLD MAPS ONLINE"},"content":{"rendered":"\n<p>\u00abEs un portal de b\u00fasqueda de mapas hist\u00f3ricos, y entre las bibliotecas participantes se encuentran:<\/p>\n\n\n\n<ul class=\"wp-block-list\">\n<li>La colecci\u00f3n de mapas de David Rumsey<\/li>\n<\/ul>\n\n\n\n<figure class=\"wp-block-image size-large\"><img loading=\"lazy\" decoding=\"async\" width=\"1024\" height=\"507\" src=\"https:\/\/artheke.com\/wp-content\/uploads\/2022\/12\/image-1-1024x507.png\" alt=\"\" class=\"wp-image-1473\" srcset=\"https:\/\/www.artheke.com\/wp-content\/uploads\/2022\/12\/image-1-1024x507.png 1024w, https:\/\/www.artheke.com\/wp-content\/uploads\/2022\/12\/image-1-300x149.png 300w, https:\/\/www.artheke.com\/wp-content\/uploads\/2022\/12\/image-1-768x380.png 768w, https:\/\/www.artheke.com\/wp-content\/uploads\/2022\/12\/image-1.png 1399w\" sizes=\"auto, (max-width: 1024px) 100vw, 1024px\" \/><figcaption class=\"wp-element-caption\">Imagen extra\u00edda del Portal: Old Maps Online<\/figcaption><\/figure>\n\n\n\n<p>Un portal que muestra los mapas georreferenciados con m\u00faltiples utilidades que se explican en el siguiente v\u00eddeo (entre otras):<\/p>\n\n\n\n<figure class=\"wp-block-embed is-type-video is-provider-youtube wp-block-embed-youtube wp-embed-aspect-16-9 wp-has-aspect-ratio\"><div class=\"wp-block-embed__wrapper\">\n<iframe loading=\"lazy\" title=\"Old Maps Online - Sube y comparte mapas georreferenciados\" width=\"750\" height=\"422\" src=\"https:\/\/www.youtube.com\/embed\/C0vSJraI0dQ?feature=oembed\" frameborder=\"0\" allow=\"accelerometer; autoplay; clipboard-write; encrypted-media; gyroscope; picture-in-picture\" allowfullscreen><\/iframe>\n<\/div><figcaption class=\"wp-element-caption\">Old Maps Online &#8211; Sube y comparte mapas georreferenciados.<br> BetoAsaber &#8211; La historia en digital (16 agosto 2022)<\/figcaption><\/figure>\n","protected":false},"excerpt":{"rendered":"<p>\u00abEs un portal de b\u00fasqueda de mapas hist\u00f3ricos, y entre las bibliotecas participantes se encuentran: Un portal que muestra los mapas georreferenciados con m\u00faltiples utilidades que se explican en el siguiente v\u00eddeo (entre otras):<\/p>\n","protected":false},"author":1,"featured_media":0,"parent":0,"menu_order":0,"comment_status":"closed","ping_status":"closed","template":"","meta":{"footnotes":""},"class_list":["post-1464","page","type-page","status-publish","hentry","entry"],"_links":{"self":[{"href":"https:\/\/www.artheke.com\/index.php?rest_route=\/wp\/v2\/pages\/1464","targetHints":{"allow":["GET"]}}],"collection":[{"href":"https:\/\/www.artheke.com\/index.php?rest_route=\/wp\/v2\/pages"}],"about":[{"href":"https:\/\/www.artheke.com\/index.php?rest_route=\/wp\/v2\/types\/page"}],"author":[{"embeddable":true,"href":"https:\/\/www.artheke.com\/index.php?rest_route=\/wp\/v2\/users\/1"}],"replies":[{"embeddable":true,"href":"https:\/\/www.artheke.com\/index.php?rest_route=%2Fwp%2Fv2%2Fcomments&post=1464"}],"version-history":[{"count":3,"href":"https:\/\/www.artheke.com\/index.php?rest_route=\/wp\/v2\/pages\/1464\/revisions"}],"predecessor-version":[{"id":1474,"href":"https:\/\/www.artheke.com\/index.php?rest_route=\/wp\/v2\/pages\/1464\/revisions\/1474"}],"wp:attachment":[{"href":"https:\/\/www.artheke.com\/index.php?rest_route=%2Fwp%2Fv2%2Fmedia&parent=1464"}],"curies":[{"name":"wp","href":"https:\/\/api.w.org\/{rel}","templated":true}]}}