{"id":1777,"date":"2023-03-08T16:50:56","date_gmt":"2023-03-08T16:50:56","guid":{"rendered":"https:\/\/artheke.com\/?page_id=1777"},"modified":"2023-03-08T17:58:19","modified_gmt":"2023-03-08T17:58:19","slug":"dia-internacional-de-los-archivos-y-otros-datos","status":"publish","type":"page","link":"https:\/\/www.artheke.com\/?page_id=1777","title":{"rendered":"D\u00eda Internacional de los archivos y otros datos"},"content":{"rendered":"\n<hr class=\"wp-block-separator has-alpha-channel-opacity\"\/>\n\n\n\n<p class=\"has-text-color\" style=\"color:#b42f2f\">El D\u00eda Internacional de los Archivos es el 9 de junio. Este d\u00eda se oficializ\u00f3 en la Asamblea General del Consejo Internacional de Archivos (ICA: Internacional Council on Archives) en 2007 y, fue elegido porque este Consejo se estableci\u00f3 bajo los auspicios de la UNESCO el 9 de junio de 1948.<\/p>\n\n\n\n<p>La elecci\u00f3n del d\u00eda 9 de junio fue aprobada de inmediato y se adopt\u00f3 por la comunidad archiv\u00edstica internacional. La iniciativa parti\u00f3 en el Congreso Internacional de Archivos de Viena, de 2004, en el que m\u00e1s de 2000 participantes adoptaron la resoluci\u00f3n: pedir a las Naciones Unidas crear un D\u00eda Internacional de los Archivos.<\/p>\n\n\n\n<div class=\"wp-block-buttons is-content-justification-center is-layout-flex wp-container-core-buttons-is-layout-16018d1d wp-block-buttons-is-layout-flex\">\n<div class=\"wp-block-button has-custom-font-size has-extra-large-font-size\"><a class=\"wp-block-button__link has-white-background-color has-text-color has-background wp-element-button\" href=\"https:\/\/www.ica.org\/es\/celebra-el-dia-internacional-de-los-archivos\" style=\"color:#0c457f\" target=\"_blank\" rel=\"noreferrer noopener\">ICA<\/a><\/div>\n<\/div>\n\n\n\n<figure class=\"wp-block-pullquote\"><blockquote><p>Los archivos custodian decisiones, actuaciones y memoria. Los archivos conservan un patrimonio \u00fanico e irremplazable que se transmite de generaci\u00f3n en generaci\u00f3n. Los documentos son gestionados en los archivos desde su origen para preservar su valor y su significado. Los documentos son fuentes fiables de informaci\u00f3n que garantizan la seguridad y la transparencia de las actuaciones administrativas. Juegan un papel esencial en el desarrollo de la sociedad contribuyendo a la constituci\u00f3n y salvaguarda de la memoria individual y colectiva. El libre acceso a los archivos enriquece nuestro conocimiento de la sociedad, promueve la democracia, protege los derechos de los ciudadanos y mejora la calidad de vida.<\/p><cite>Declaraci\u00f3n Universal sobre los Archivos, aprobada en la Asamblea General del Consejo Internacional de Archivos, Oslo, septiembre de 2010 (ICA).<\/cite><\/blockquote><\/figure>\n\n\n\n<p>\u00abLos archivos tienen un valor \u00fanico. Est\u00e1n conformados por documentos producidos por la actividad humana y como tal, son evidencia \u00fanica de eventos pasados. Asimismo, aseguran el funcionamiento democr\u00e1tico de las sociedades, la identidad de los individuos y de las comunidades y la defensa de los derechos humanos\u00bb (culturaydeporte.gob.es: Archivo Hist\u00f3rico de la Nobleza, D\u00eda Internacional de los Archivos). <\/p>\n\n\n\n<p><strong>____________________________________________________________________<\/strong><\/p>\n\n\n\n<p>Otros d\u00edas que recuerdan nuestro rico patrimonio son:<\/p>\n\n\n\n<ul class=\"wp-block-list\">\n<li><strong>El 27 de Octubre: D\u00eda Mundial del Patrimonio Audiovisual.<\/strong><\/li>\n<\/ul>\n\n\n\n<p>Durante la Conferencia General de la UNESCO en el a\u00f1o 2005 se proclam\u00f3 el 27 de octubre como D\u00eda Mundial del Patrimonio Audiovisual para conmemorar la aprobaci\u00f3n de la Recomendaci\u00f3n sobre la Salvaguardia y la Conservaci\u00f3n de las Im\u00e1genes en Movimiento aprobada en 1980.<\/p>\n\n\n\n<figure class=\"wp-block-embed is-type-video is-provider-youtube wp-block-embed-youtube wp-embed-aspect-16-9 wp-has-aspect-ratio\"><div class=\"wp-block-embed__wrapper\">\n<iframe loading=\"lazy\" title=\"D\u00eda Mundial del Patrimonio Audiovisual\" width=\"750\" height=\"422\" src=\"https:\/\/www.youtube.com\/embed\/J8DyGHHAYlA?start=37&#038;feature=oembed\" frameborder=\"0\" allow=\"accelerometer; autoplay; clipboard-write; encrypted-media; gyroscope; picture-in-picture; web-share\" allowfullscreen><\/iframe>\n<\/div><figcaption class=\"wp-element-caption\">Biblioteca Nacional de Espa\u00f1a (2014, 29 de octubre). D\u00eda Mundial del Patrimonio Audiovisual<\/figcaption><\/figure>\n\n\n\n<ul class=\"wp-block-list\">\n<li><strong>Primer jueves de cada noviembre: D\u00eda Mundial de la Preservaci\u00f3n Digital (DMPD).<\/strong><\/li>\n<\/ul>\n\n\n\n<div class=\"wp-block-buttons is-content-justification-center is-layout-flex wp-container-core-buttons-is-layout-16018d1d wp-block-buttons-is-layout-flex\">\n<div class=\"wp-block-button has-custom-font-size has-large-font-size\"><a class=\"wp-block-button__link has-white-color has-text-color has-background wp-element-button\" href=\"https:\/\/www.dpconline.org\/events\/world-digital-preservation-day\" style=\"background-color:#569e85\" target=\"_blank\" rel=\"noreferrer noopener\">Coalici\u00f3n Preservaci\u00f3n Digital<\/a><\/div>\n<\/div>\n\n\n\n<p>La existencia de los Premios de Preservaci\u00f3n Digital lleva a que cada a\u00f1o se busque el mejor trabajo de preservaci\u00f3n en diferentes modalidades:<\/p>\n\n\n\n<div class=\"wp-block-buttons is-content-justification-center is-layout-flex wp-container-core-buttons-is-layout-16018d1d wp-block-buttons-is-layout-flex\">\n<div class=\"wp-block-button\"><a class=\"wp-block-button__link has-text-color has-background wp-element-button\" href=\"https:\/\/www.dpconline.org\/events\/digital-preservation-awards\" style=\"color:#e7ba26;background-color:#91bbad\" target=\"_blank\" rel=\"noreferrer noopener\">Premios Preservaci\u00f3n Digital<\/a><\/div>\n<\/div>\n\n\n\n<p class=\"has-white-background-color has-text-color has-background\" style=\"color:#263790\">La <strong>BIBLIOTECA NACIONAL  DE ESPA\u00d1A <\/strong>ha elaborado una bibliograf\u00eda a partir de temarios de diferentes convocatorias de archivos. Entre los recursos para los profesionales de la informaci\u00f3n y opositores se encuentra la Historia de las instituciones pol\u00edtico-administrativas de la Edad Media, Moderna y Contempor\u00e1nea:<\/p>\n\n\n\n<div class=\"wp-block-columns is-layout-flex wp-container-core-columns-is-layout-9d6595d7 wp-block-columns-is-layout-flex\">\n<div class=\"wp-block-column is-layout-flow wp-block-column-is-layout-flow\" style=\"flex-basis:100%\">\n<figure class=\"wp-block-pullquote\"><blockquote><p>Recursos para profesionales de la informaci\u00f3n: ARCHIVOS en BNE: Bibliotecarios<\/p><\/blockquote><\/figure>\n<\/div>\n<\/div>\n\n\n\n<ul class=\"wp-block-list\">\n<li>Archivos: Fuentes Documentales:<\/li>\n<\/ul>\n\n\n\n<div data-wp-interactive=\"core\/file\" class=\"wp-block-file\"><object data-wp-bind--hidden=\"!state.hasPdfPreview\" hidden class=\"wp-block-file__embed\" data=\"https:\/\/artheke.com\/wp-content\/uploads\/2022\/06\/bibliografia_archivos_fuentes_documentales.pdf\" type=\"application\/pdf\" style=\"width:100%;height:600px\" aria-label=\"Incrustado de bibliografia_archivos_fuentes_documentales.\"><\/object><a id=\"wp-block-file--media-19b11a7d-8b3e-4bb7-aee7-d272fe522c6e\" href=\"https:\/\/artheke.com\/wp-content\/uploads\/2022\/06\/bibliografia_archivos_fuentes_documentales.pdf\">bibliografia_archivos_fuentes_documentales<\/a><a href=\"https:\/\/artheke.com\/wp-content\/uploads\/2022\/06\/bibliografia_archivos_fuentes_documentales.pdf\" class=\"wp-block-file__button wp-element-button\" download aria-describedby=\"wp-block-file--media-19b11a7d-8b3e-4bb7-aee7-d272fe522c6e\">Descarga<\/a><\/div>\n\n\n\n<p>Se puede colaborar en la plataforma de la BNE <strong>para el desarrollo de proyectos del patrimonio digital:<\/strong><\/p>\n\n\n\n<div class=\"wp-block-buttons is-content-justification-center is-layout-flex wp-container-core-buttons-is-layout-16018d1d wp-block-buttons-is-layout-flex\">\n<div class=\"wp-block-button has-custom-font-size has-extra-large-font-size\"><a class=\"wp-block-button__link has-white-color has-text-color has-background wp-element-button\" href=\"https:\/\/comunidad.bne.es\/\" style=\"background-color:#1c2d46\" target=\"_blank\" rel=\"noreferrer noopener\">COMUNIDAD BNE<\/a><\/div>\n<\/div>\n\n\n\n<hr class=\"wp-block-separator has-alpha-channel-opacity\"\/>\n\n\n\n<p class=\"has-blue-background-color has-background\"><strong>Referencias:<\/strong><\/p>\n\n\n\n<p>BNE. Biblioteca Nacional de Espa\u00f1a.<\/p>\n\n\n\n<p>ICA: Internacional Council on Archives. Asamblea General del Consejo Internacional de Archivos.<\/p>\n\n\n\n<p>Imagen destacada. Suzanne (jaroas) en Pixabay.<\/p>\n\n\n\n<p>Ministerio de Cultura y Deporte. Archivo Hist\u00f3rico de la Nobleza.<\/p>\n\n\n\n<p><\/p>\n\n\n\n<hr class=\"wp-block-separator has-alpha-channel-opacity\"\/>\n\n\n\n<div class=\"wp-block-group has-extra-small-font-size is-vertical is-layout-flex wp-container-core-group-is-layout-8cf370e7 wp-block-group-is-layout-flex\">\n<div class=\"wp-block-group is-vertical is-layout-flex wp-container-core-group-is-layout-8cf370e7 wp-block-group-is-layout-flex\">\n<div class=\"wp-block-group has-extra-small-font-size\" style=\"line-height:0.9\"><div class=\"wp-block-group__inner-container is-layout-constrained wp-block-group-is-layout-constrained\">\n<div class=\"wp-block-group\" style=\"line-height:0.4\"><div class=\"wp-block-group__inner-container is-layout-constrained wp-block-group-is-layout-constrained\">\n<div class=\"wp-block-group has-extra-small-font-size\" style=\"line-height:0.3\"><div class=\"wp-block-group__inner-container is-layout-constrained wp-block-group-is-layout-constrained\">\n<div class=\"wp-block-group\" style=\"line-height:1.3\"><div class=\"wp-block-group__inner-container is-layout-constrained wp-block-group-is-layout-constrained\">\n<div class=\"wp-block-group has-extra-small-font-size\" style=\"font-style:normal;font-weight:400\"><div class=\"wp-block-group__inner-container is-layout-constrained wp-block-group-is-layout-constrained\">\n<p>Publicada el&nbsp;9 de junio de 2022, actualizado el 08 de marzo de 2023.<\/p>\n\n\n\n<div class=\"wp-block-group\"><div class=\"wp-block-group__inner-container is-layout-flow wp-block-group-is-layout-flow\">\n<p style=\"line-height:0\">Por&nbsp;<a href=\"https:\/\/artheke.com\/?author=1\">Cebri\u00e1n Gonz\u00e1lez Mar\u00eda Teresa<\/a><\/p>\n<\/div><\/div>\n<\/div><\/div>\n<\/div><\/div>\n<\/div><\/div>\n<\/div><\/div>\n<\/div><\/div>\n<\/div>\n<\/div>\n","protected":false},"excerpt":{"rendered":"<p>El D\u00eda Internacional de los Archivos es el 9 de junio. Este d\u00eda se oficializ\u00f3 en la Asamblea General del Consejo Internacional de Archivos (ICA: Internacional Council on Archives) en 2007 y, fue elegido porque este Consejo se estableci\u00f3 bajo los auspicios de la UNESCO el 9 de junio de 1948. La elecci\u00f3n del d\u00eda&hellip; <a class=\"more-link\" href=\"https:\/\/www.artheke.com\/?page_id=1777\">Seguir leyendo <span class=\"screen-reader-text\">D\u00eda Internacional de los archivos y otros datos<\/span><\/a><\/p>\n","protected":false},"author":1,"featured_media":1762,"parent":0,"menu_order":0,"comment_status":"closed","ping_status":"closed","template":"","meta":{"footnotes":""},"class_list":["post-1777","page","type-page","status-publish","has-post-thumbnail","hentry","entry"],"_links":{"self":[{"href":"https:\/\/www.artheke.com\/index.php?rest_route=\/wp\/v2\/pages\/1777","targetHints":{"allow":["GET"]}}],"collection":[{"href":"https:\/\/www.artheke.com\/index.php?rest_route=\/wp\/v2\/pages"}],"about":[{"href":"https:\/\/www.artheke.com\/index.php?rest_route=\/wp\/v2\/types\/page"}],"author":[{"embeddable":true,"href":"https:\/\/www.artheke.com\/index.php?rest_route=\/wp\/v2\/users\/1"}],"replies":[{"embeddable":true,"href":"https:\/\/www.artheke.com\/index.php?rest_route=%2Fwp%2Fv2%2Fcomments&post=1777"}],"version-history":[{"count":2,"href":"https:\/\/www.artheke.com\/index.php?rest_route=\/wp\/v2\/pages\/1777\/revisions"}],"predecessor-version":[{"id":1781,"href":"https:\/\/www.artheke.com\/index.php?rest_route=\/wp\/v2\/pages\/1777\/revisions\/1781"}],"wp:featuredmedia":[{"embeddable":true,"href":"https:\/\/www.artheke.com\/index.php?rest_route=\/wp\/v2\/media\/1762"}],"wp:attachment":[{"href":"https:\/\/www.artheke.com\/index.php?rest_route=%2Fwp%2Fv2%2Fmedia&parent=1777"}],"curies":[{"name":"wp","href":"https:\/\/api.w.org\/{rel}","templated":true}]}}