{"id":1853,"date":"2023-03-10T02:14:01","date_gmt":"2023-03-10T02:14:01","guid":{"rendered":"https:\/\/artheke.com\/?page_id=1853"},"modified":"2023-03-10T04:11:24","modified_gmt":"2023-03-10T04:11:24","slug":"europeana","status":"publish","type":"page","link":"https:\/\/www.artheke.com\/?page_id=1853","title":{"rendered":"EUROPEANA"},"content":{"rendered":"\n<h2 class=\"has-white-background-color has-background wp-block-heading\"><em>Europeana es el portal del patrimonio cultural europeo.<\/em><\/h2>\n\n\n\n<figure class=\"wp-block-pullquote has-gray-background-color has-background\"><blockquote><p>Pretende que las colecciones del patrimonio cultural europeo se puedan encontrar, visualizar, compartir, utilizar y reutilizar por cualquier usuario interesado en todo momento y lugar. <\/p><cite>Europeana en HispanaPRO<\/cite><\/blockquote><\/figure>\n\n\n\n<figure class=\"wp-block-pullquote has-white-color has-gray-background-color has-text-color has-background\"><blockquote><p><em>Europeana<\/em> <em>sostiene el sector del patrimonio cultural en su transformaci\u00f3n digital. Desarrollamos competencias, herramientas y estrategias para adoptar el cambio digital y fomentar colaboraciones que promuevan la innovaci\u00f3n.<\/em><\/p><cite>Misi\u00f3n Europeana<\/cite><\/blockquote><\/figure>\n\n\n\n<div class=\"wp-block-buttons is-layout-flex wp-block-buttons-is-layout-flex\">\n<div class=\"wp-block-button has-custom-width wp-block-button__width-100 has-custom-font-size is-style-outline has-extra-large-font-size is-style-outline--1\"><a class=\"wp-block-button__link has-yellow-background-color has-background wp-element-button\" href=\"https:\/\/artheke.com\/?page_id=1853\" target=\"_blank\" rel=\"noreferrer noopener\">europeana<\/a><\/div>\n<\/div>\n\n\n\n<figure class=\"wp-block-image size-large\"><img loading=\"lazy\" decoding=\"async\" width=\"1024\" height=\"463\" src=\"https:\/\/artheke.com\/wp-content\/uploads\/2023\/03\/image-8-1024x463.png\" alt=\"\" class=\"wp-image-1855\" srcset=\"https:\/\/www.artheke.com\/wp-content\/uploads\/2023\/03\/image-8-1024x463.png 1024w, https:\/\/www.artheke.com\/wp-content\/uploads\/2023\/03\/image-8-300x136.png 300w, https:\/\/www.artheke.com\/wp-content\/uploads\/2023\/03\/image-8-768x347.png 768w, https:\/\/www.artheke.com\/wp-content\/uploads\/2023\/03\/image-8.png 1450w\" sizes=\"auto, (max-width: 1024px) 100vw, 1024px\" \/><\/figure>\n\n\n\n<ul class=\"has-yellow-to-red-gradient-background has-text-color has-background has-large-font-size wp-block-list\" style=\"color:#1f3960\">\n<li><em>Sus objetivos: ser un punto de acceso com\u00fan y multiling\u00fce al patrimonio cultural europeo; unir a Europa a trav\u00e9s de la cultura; poner el patrimonio cultural al alcance de todos; posibilitar la reutilizaci\u00f3n de este patrimonio para fines profesionales, educativos y de entretenimiento.<\/em><\/li>\n<\/ul>\n\n\n\n<div class=\"wp-block-buttons is-layout-flex wp-block-buttons-is-layout-flex\">\n<div class=\"wp-block-button has-custom-width wp-block-button__width-100\"><a class=\"wp-block-button__link has-text-color has-background wp-element-button\" href=\"https:\/\/pro.europeana.eu\/about-us\/services-and-tools\" style=\"color:#194aa6;background-color:#e0e3eb\" target=\"_blank\" rel=\"noreferrer noopener\">SERVICIOS Y HERRAMIENTAS DE EUROPEANA<\/a><\/div>\n<\/div>\n\n\n\n<hr class=\"wp-block-separator has-alpha-channel-opacity\"\/>\n\n\n\n<div class=\"wp-block-group\"><div class=\"wp-block-group__inner-container is-layout-constrained wp-block-group-is-layout-constrained\">\n<p class=\"has-extra-small-font-size\">Publicada el&nbsp;10 de marzo de 2023<\/p>\n\n\n\n<p class=\"has-extra-small-font-size\" style=\"line-height:0\">Por&nbsp;<a href=\"https:\/\/artheke.com\/?author=1\">Cebri\u00e1n Gonz\u00e1lez Mar\u00eda Teresa<\/a><\/p>\n<\/div><\/div>\n\n\n\n<p><\/p>\n","protected":false},"excerpt":{"rendered":"<p>Europeana es el portal del patrimonio cultural europeo. Pretende que las colecciones del patrimonio cultural europeo se puedan encontrar, visualizar, compartir, utilizar y reutilizar por cualquier usuario interesado en todo momento y lugar. Europeana en HispanaPRO Europeana sostiene el sector del patrimonio cultural en su transformaci\u00f3n digital. Desarrollamos competencias, herramientas y estrategias para adoptar el&hellip; <a class=\"more-link\" href=\"https:\/\/www.artheke.com\/?page_id=1853\">Seguir leyendo <span class=\"screen-reader-text\">EUROPEANA<\/span><\/a><\/p>\n","protected":false},"author":1,"featured_media":1854,"parent":0,"menu_order":0,"comment_status":"closed","ping_status":"closed","template":"","meta":{"footnotes":""},"class_list":["post-1853","page","type-page","status-publish","has-post-thumbnail","hentry","entry"],"_links":{"self":[{"href":"https:\/\/www.artheke.com\/index.php?rest_route=\/wp\/v2\/pages\/1853","targetHints":{"allow":["GET"]}}],"collection":[{"href":"https:\/\/www.artheke.com\/index.php?rest_route=\/wp\/v2\/pages"}],"about":[{"href":"https:\/\/www.artheke.com\/index.php?rest_route=\/wp\/v2\/types\/page"}],"author":[{"embeddable":true,"href":"https:\/\/www.artheke.com\/index.php?rest_route=\/wp\/v2\/users\/1"}],"replies":[{"embeddable":true,"href":"https:\/\/www.artheke.com\/index.php?rest_route=%2Fwp%2Fv2%2Fcomments&post=1853"}],"version-history":[{"count":4,"href":"https:\/\/www.artheke.com\/index.php?rest_route=\/wp\/v2\/pages\/1853\/revisions"}],"predecessor-version":[{"id":1892,"href":"https:\/\/www.artheke.com\/index.php?rest_route=\/wp\/v2\/pages\/1853\/revisions\/1892"}],"wp:featuredmedia":[{"embeddable":true,"href":"https:\/\/www.artheke.com\/index.php?rest_route=\/wp\/v2\/media\/1854"}],"wp:attachment":[{"href":"https:\/\/www.artheke.com\/index.php?rest_route=%2Fwp%2Fv2%2Fmedia&parent=1853"}],"curies":[{"name":"wp","href":"https:\/\/api.w.org\/{rel}","templated":true}]}}

<h2 class="has-white-background-color has-background wp-block-heading"><em>Europeana es el portal del patrimonio cultural europeo.</em></h2>



<figure class="wp-block-pullquote has-gray-background-color has-background"><blockquote><p>Pretende que las colecciones del patrimonio cultural europeo se puedan encontrar, visualizar, compartir, utilizar y reutilizar por cualquier usuario interesado en todo momento y lugar. </p><cite>Europeana en HispanaPRO</cite></blockquote></figure>



<figure class="wp-block-pullquote has-white-color has-gray-background-color has-text-color has-background"><blockquote><p><em>Europeana</em> <em>sostiene el sector del patrimonio cultural en su transformación digital. Desarrollamos competencias, herramientas y estrategias para adoptar el cambio digital y fomentar colaboraciones que promuevan la innovación.</em></p><cite>Misión Europeana</cite></blockquote></figure>



<div class="wp-block-buttons is-layout-flex wp-block-buttons-is-layout-flex">
<div class="wp-block-button has-custom-width wp-block-button__width-100 has-custom-font-size is-style-outline has-extra-large-font-size is-style-outline--1"><a class="wp-block-button__link has-yellow-background-color has-background wp-element-button" href="https://artheke.com/?page_id=1853" target="_blank" rel="noreferrer noopener">europeana</a></div>
</div>



<figure class="wp-block-image size-large"><img loading="lazy" decoding="async" width="1024" height="463" src="https://artheke.com/wp-content/uploads/2023/03/image-8-1024x463.png" alt="" class="wp-image-1855" srcset="https://www.artheke.com/wp-content/uploads/2023/03/image-8-1024x463.png 1024w, https://www.artheke.com/wp-content/uploads/2023/03/image-8-300x136.png 300w, https://www.artheke.com/wp-content/uploads/2023/03/image-8-768x347.png 768w, https://www.artheke.com/wp-content/uploads/2023/03/image-8.png 1450w" sizes="auto, (max-width: 1024px) 100vw, 1024px" /></figure>



<ul class="has-yellow-to-red-gradient-background has-text-color has-background has-large-font-size wp-block-list" style="color:#1f3960">
<li><em>Sus objetivos: ser un punto de acceso común y multilingüe al patrimonio cultural europeo; unir a Europa a través de la cultura; poner el patrimonio cultural al alcance de todos; posibilitar la reutilización de este patrimonio para fines profesionales, educativos y de entretenimiento.</em></li>
</ul>



<div class="wp-block-buttons is-layout-flex wp-block-buttons-is-layout-flex">
<div class="wp-block-button has-custom-width wp-block-button__width-100"><a class="wp-block-button__link has-text-color has-background wp-element-button" href="https://pro.europeana.eu/about-us/services-and-tools" style="color:#194aa6;background-color:#e0e3eb" target="_blank" rel="noreferrer noopener">SERVICIOS Y HERRAMIENTAS DE EUROPEANA</a></div>
</div>



<hr class="wp-block-separator has-alpha-channel-opacity"/>



<div class="wp-block-group"><div class="wp-block-group__inner-container is-layout-constrained wp-block-group-is-layout-constrained">
<p class="has-extra-small-font-size">Publicada el&nbsp;10 de marzo de 2023</p>



<p class="has-extra-small-font-size" style="line-height:0">Por&nbsp;<a href="https://artheke.com/?author=1">Cebrián González María Teresa</a></p>
</div></div>



<p></p>

<p>Europeana es el portal del patrimonio cultural europeo. Pretende que las colecciones del patrimonio cultural europeo se puedan encontrar, visualizar, compartir, utilizar y reutilizar por cualquier usuario interesado en todo momento y lugar. Europeana en HispanaPRO Europeana sostiene el sector del patrimonio cultural en su transformación digital. Desarrollamos competencias, herramientas y estrategias para adoptar el&hellip; <a class="more-link" href="https://www.artheke.com/?page_id=1853">Seguir leyendo <span class="screen-reader-text">EUROPEANA</span></a></p>
