{"id":228,"date":"2021-12-27T07:01:47","date_gmt":"2021-12-27T07:01:47","guid":{"rendered":"https:\/\/artheke.com\/?page_id=228"},"modified":"2023-04-11T13:42:55","modified_gmt":"2023-04-11T13:42:55","slug":"menu","status":"publish","type":"page","link":"https:\/\/www.artheke.com\/?page_id=228","title":{"rendered":"MEN\u00da DIGITALES"},"content":{"rendered":"\n<p>En este apartado se presentan los archivos, bibliotecas y museos digitales as\u00ed como otras referencias a la importancia que tienen para el acceso a las fuentes primarias.<\/p>\n\n\n\n<p>Para saber saber m\u00e1s sobre la mayor parte de las Asociaciones y Colegios profesionales del sector de la Informaci\u00f3n y Documentaci\u00f3n en Espa\u00f1a puede consultarse la p\u00e1gina web de La Federaci\u00f3n Espa\u00f1ola de Sociedades de Archiv\u00edstica, Biblioteconom\u00eda, Documentaci\u00f3n y Muse\u00edstica (FESABID).<\/p>\n\n\n\n<div class=\"wp-block-buttons is-content-justification-center is-layout-flex wp-container-core-buttons-is-layout-16018d1d wp-block-buttons-is-layout-flex\">\n<div class=\"wp-block-button has-custom-width wp-block-button__width-75 has-custom-font-size has-extra-large-font-size\"><a class=\"wp-block-button__link has-white-background-color has-text-color has-background wp-element-button\" href=\"https:\/\/www.fesabid.org\/quienes-somos\/\" style=\"border-radius:21px;color:#c87c3b\" target=\"_blank\" rel=\"noreferrer noopener\">La Federaci\u00f3n<\/a><\/div>\n<\/div>\n\n\n\n<p>La federaci\u00f3n \u00ab<em>es el lugar de encuentro del sector GLAM (Bibliotecas, Archivos, Museos y otras Unidades de Informaci\u00f3n) donde trabajar por intereses comunes<\/em>\u00ab. Del ingl\u00e9s<em>: Galleries, Libraries, Archives and Museums<\/em>.<\/p>\n\n\n\n<hr class=\"wp-block-separator has-alpha-channel-opacity\"\/>\n\n\n\n<p style=\"font-size:10px;line-height:0\">Publicada el\u00a011 de abril de 2023<\/p>\n\n\n\n<p style=\"font-size:10px;line-height:0\">Por&nbsp;<a href=\"https:\/\/artheke.com\/?author=1\">Cebri\u00e1n Gonz\u00e1lez, Mar\u00eda Teresa<\/a><\/p>\n\n\n\n<p><\/p>\n","protected":false},"excerpt":{"rendered":"<p>En este apartado se presentan los archivos, bibliotecas y museos digitales as\u00ed como otras referencias a la importancia que tienen para el acceso a las fuentes primarias. Para saber saber m\u00e1s sobre la mayor parte de las Asociaciones y Colegios profesionales del sector de la Informaci\u00f3n y Documentaci\u00f3n en Espa\u00f1a puede consultarse la p\u00e1gina web&hellip; <a class=\"more-link\" href=\"https:\/\/www.artheke.com\/?page_id=228\">Seguir leyendo <span class=\"screen-reader-text\">MEN\u00da DIGITALES<\/span><\/a><\/p>\n","protected":false},"author":1,"featured_media":0,"parent":0,"menu_order":0,"comment_status":"closed","ping_status":"closed","template":"","meta":{"footnotes":""},"class_list":["post-228","page","type-page","status-publish","hentry","entry"],"_links":{"self":[{"href":"https:\/\/www.artheke.com\/index.php?rest_route=\/wp\/v2\/pages\/228","targetHints":{"allow":["GET"]}}],"collection":[{"href":"https:\/\/www.artheke.com\/index.php?rest_route=\/wp\/v2\/pages"}],"about":[{"href":"https:\/\/www.artheke.com\/index.php?rest_route=\/wp\/v2\/types\/page"}],"author":[{"embeddable":true,"href":"https:\/\/www.artheke.com\/index.php?rest_route=\/wp\/v2\/users\/1"}],"replies":[{"embeddable":true,"href":"https:\/\/www.artheke.com\/index.php?rest_route=%2Fwp%2Fv2%2Fcomments&post=228"}],"version-history":[{"count":5,"href":"https:\/\/www.artheke.com\/index.php?rest_route=\/wp\/v2\/pages\/228\/revisions"}],"predecessor-version":[{"id":2065,"href":"https:\/\/www.artheke.com\/index.php?rest_route=\/wp\/v2\/pages\/228\/revisions\/2065"}],"wp:attachment":[{"href":"https:\/\/www.artheke.com\/index.php?rest_route=%2Fwp%2Fv2%2Fmedia&parent=228"}],"curies":[{"name":"wp","href":"https:\/\/api.w.org\/{rel}","templated":true}]}}

MENÚ DIGITALES

<p>En este apartado se presentan los archivos, bibliotecas y museos digitales así como otras referencias a la importancia que tienen para el acceso a las fuentes primarias.</p>



<p>Para saber saber más sobre la mayor parte de las Asociaciones y Colegios profesionales del sector de la Información y Documentación en España puede consultarse la página web de La Federación Española de Sociedades de Archivística, Biblioteconomía, Documentación y Museística (FESABID).</p>



<div class="wp-block-buttons is-content-justification-center is-layout-flex wp-container-core-buttons-is-layout-16018d1d wp-block-buttons-is-layout-flex">
<div class="wp-block-button has-custom-width wp-block-button__width-75 has-custom-font-size has-extra-large-font-size"><a class="wp-block-button__link has-white-background-color has-text-color has-background wp-element-button" href="https://www.fesabid.org/quienes-somos/" style="border-radius:21px;color:#c87c3b" target="_blank" rel="noreferrer noopener">La Federación</a></div>
</div>



<p>La federación «<em>es el lugar de encuentro del sector GLAM (Bibliotecas, Archivos, Museos y otras Unidades de Información) donde trabajar por intereses comunes</em>«. Del inglés<em>: Galleries, Libraries, Archives and Museums</em>.</p>



<hr class="wp-block-separator has-alpha-channel-opacity"/>



<p style="font-size:10px;line-height:0">Publicada el 11 de abril de 2023</p>



<p style="font-size:10px;line-height:0">Por&nbsp;<a href="https://artheke.com/?author=1">Cebrián González, María Teresa</a></p>



<p></p>

<p>En este apartado se presentan los archivos, bibliotecas y museos digitales así como otras referencias a la importancia que tienen para el acceso a las fuentes primarias. Para saber saber más sobre la mayor parte de las Asociaciones y Colegios profesionales del sector de la Información y Documentación en España puede consultarse la página web&hellip; <a class="more-link" href="https://www.artheke.com/?page_id=228">Seguir leyendo <span class="screen-reader-text">MENÚ DIGITALES</span></a></p>
