{"id":774,"date":"2022-04-30T11:22:15","date_gmt":"2022-04-30T11:22:15","guid":{"rendered":"https:\/\/artheke.com\/?page_id=774"},"modified":"2022-05-02T12:11:18","modified_gmt":"2022-05-02T12:11:18","slug":"cultura-audiovisual-artes","status":"publish","type":"page","link":"https:\/\/www.artheke.com\/?page_id=774","title":{"rendered":"1\u00ba BACH. Cultura Audiovisual"},"content":{"rendered":"\n<p>Esta materia se imparte como optativa en las modalidades de:<\/p>\n\n\n\n<ul class=\"wp-block-list\"><li>Artes Pl\u00e1sticas, Imagen y Dise\u00f1o<\/li><li>M\u00fasica y Artes Esc\u00e9nicas<\/li><\/ul>\n\n\n\n<div class=\"wp-block-buttons is-content-justification-center is-layout-flex wp-container-core-buttons-is-layout-16018d1d wp-block-buttons-is-layout-flex\">\n<div class=\"wp-block-button\"><a class=\"wp-block-button__link has-background\" href=\"\" style=\"background-color:#943232\" target=\"_blank\" rel=\"noreferrer noopener\">DIAGRAMA \u00c1RBOL<\/a><\/div>\n<\/div>\n\n\n\n<p><\/p>\n","protected":false},"excerpt":{"rendered":"<p>Esta materia se imparte como optativa en las modalidades de: Artes Pl\u00e1sticas, Imagen y Dise\u00f1o M\u00fasica y Artes Esc\u00e9nicas<\/p>\n","protected":false},"author":1,"featured_media":0,"parent":0,"menu_order":0,"comment_status":"closed","ping_status":"closed","template":"","meta":{"footnotes":""},"class_list":["post-774","page","type-page","status-publish","hentry","entry"],"_links":{"self":[{"href":"https:\/\/www.artheke.com\/index.php?rest_route=\/wp\/v2\/pages\/774","targetHints":{"allow":["GET"]}}],"collection":[{"href":"https:\/\/www.artheke.com\/index.php?rest_route=\/wp\/v2\/pages"}],"about":[{"href":"https:\/\/www.artheke.com\/index.php?rest_route=\/wp\/v2\/types\/page"}],"author":[{"embeddable":true,"href":"https:\/\/www.artheke.com\/index.php?rest_route=\/wp\/v2\/users\/1"}],"replies":[{"embeddable":true,"href":"https:\/\/www.artheke.com\/index.php?rest_route=%2Fwp%2Fv2%2Fcomments&post=774"}],"version-history":[{"count":7,"href":"https:\/\/www.artheke.com\/index.php?rest_route=\/wp\/v2\/pages\/774\/revisions"}],"predecessor-version":[{"id":817,"href":"https:\/\/www.artheke.com\/index.php?rest_route=\/wp\/v2\/pages\/774\/revisions\/817"}],"wp:attachment":[{"href":"https:\/\/www.artheke.com\/index.php?rest_route=%2Fwp%2Fv2%2Fmedia&parent=774"}],"curies":[{"name":"wp","href":"https:\/\/api.w.org\/{rel}","templated":true}]}}