{"id":925,"date":"2022-05-24T19:21:21","date_gmt":"2022-05-24T19:21:21","guid":{"rendered":"https:\/\/artheke.com\/?page_id=925"},"modified":"2022-05-30T23:26:13","modified_gmt":"2022-05-30T23:26:13","slug":"mapas-en-linea","status":"publish","type":"page","link":"https:\/\/www.artheke.com\/?page_id=925","title":{"rendered":"Mapas en l\u00ednea"},"content":{"rendered":"\n<p class=\"has-text-color has-extra-large-font-size\" style=\"color:#b11b1b\"><strong>GEACRON<\/strong><\/p>\n\n\n\n<p class=\"has-text-align-justify\">\u00ab<em>Es la base de datos geotemporal m\u00e1s poderosa del mundo para la investigaci\u00f3n hist\u00f3rica, la educaci\u00f3n y la difusi\u00f3n de hallazgos<\/em>\u00bb (Geacron). <\/p>\n\n\n\n<div class=\"wp-block-buttons is-content-justification-center is-layout-flex wp-container-core-buttons-is-layout-16018d1d wp-block-buttons-is-layout-flex\">\n<div class=\"wp-block-button\"><a class=\"wp-block-button__link has-background\" href=\"http:\/\/geacron.com\/the-geacron-project\/?lang=es\" style=\"background-color:#293851\" target=\"_blank\" rel=\"noreferrer noopener\">geacron<\/a><\/div>\n<\/div>\n\n\n\n<p class=\"has-text-color\" style=\"color:#3741b4\"><strong>ATLAS HIST\u00d3RICO MUNDIAL INTERACTIVO DESDE 3000 a.C.<\/strong><\/p>\n\n\n\n<p class=\"has-text-align-justify\">Se trata de una aplicaci\u00f3n de datos geogr\u00e1ficos bas\u00e1ndose en una base de datos estructurada por vectores. Desarrollan un sistema GIS temporal real y pueden generar im\u00e1genes rasterizadas o archivos vectoriales como KML o shapefiles.<\/p>\n\n\n\n<p class=\"has-text-align-justify\">Tiene como misi\u00f3n que la informaci\u00f3n hist\u00f3rica sea accesible para todos, para ello se emplean:<\/p>\n\n\n\n<ul class=\"wp-block-list\"><li>Mapas temporales intuitivos y atractivos.<\/li><li>L\u00edneas del tiempo configurables.<\/li><\/ul>\n\n\n\n<p class=\"has-text-align-justify\">La gran ventaja de Geacron es que su sistema permite representar eventos hist\u00f3ricos y los mapas geopol\u00edticos de cualquier regi\u00f3n del mundo para cualquier per\u00edodo de tiempo hist\u00f3rico (Geacron).<\/p>\n\n\n\n<p class=\"has-text-align-justify has-text-color has-medium-font-size\" style=\"color:#81446b\"><strong><em>Cada mapa muestra la situaci\u00f3n hist\u00f3rica del mundo al comienzo de cada a\u00f1o:<\/em><\/strong><\/p>\n\n\n\n<figure class=\"wp-block-image size-large is-style-twentytwentyone-border\"><img decoding=\"async\" src=\"https:\/\/bajoelcandildigital.files.wordpress.com\/2022\/05\/image-14.png?w=1024\" alt=\"\" class=\"wp-image-371\"\/><\/figure>\n\n\n\n<p><\/p>\n\n\n\n<p class=\"has-text-align-justify\">Una herramienta que puede ayudar a realizar los estudios de Historia Comparada de una forma r\u00e1pida y sencilla, facilita aumentar la informaci\u00f3n hist\u00f3rica \u2014casi ilimitada\u2014. Es interactiva, precisa, configurable, flexible, escalable (Geacron).<\/p>\n\n\n\n<p class=\"has-text-align-justify\">En definitiva, Geacron, es \u00abun sistema que facilita el conocimiento de los hechos hist\u00f3ricos que han tenido lugar en cada momento de nuestro planeta, de forma interactiva y sobre un mapa geogr\u00e1fico temporal\u00bb. Fue fundado por Luis M\u00fazquiz, licenciado en Historia y Geograf\u00eda en la Universidad Complutense de Madrid pero con una amplia experiencia en el campo de la inform\u00e1tica durante un cuarto de siglo (Geacron).<\/p>\n\n\n\n<p class=\"has-text-align-justify\">Su p\u00e1gina web ofrece distintas aplicaciones seg\u00fan se acceda a Geacron de modo: gratuito, Premium o Education. El coste var\u00eda entre Premium o Education, en este \u00faltimo caso se tienen las mismas funcionalidades que en Premium pero puede gestionarse el propio grupo de personas. <\/p>\n\n\n\n<div class=\"wp-block-buttons is-content-justification-center is-layout-flex wp-container-core-buttons-is-layout-16018d1d wp-block-buttons-is-layout-flex\">\n<div class=\"wp-block-button\"><a class=\"wp-block-button__link\" href=\"http:\/\/sus.geacron.com\/map\/atlas\/php\/table_vs.html\" target=\"_blank\" rel=\"noreferrer noopener\">modalidades y precios geacron<\/a><\/div>\n<\/div>\n\n\n\n<p>Entra y curiosea:<\/p>\n\n\n\n<figure class=\"wp-block-image size-large is-style-twentytwentyone-image-frame\"><img decoding=\"async\" src=\"https:\/\/bajoelcandildigital.files.wordpress.com\/2022\/05\/image-15.png?w=1024\" alt=\"\" class=\"wp-image-379\"\/><\/figure>\n\n\n\n<figure class=\"wp-block-image size-large is-style-twentytwentyone-image-frame\"><img decoding=\"async\" src=\"https:\/\/bajoelcandildigital.files.wordpress.com\/2022\/05\/image-16.png?w=1024\" alt=\"\" class=\"wp-image-380\"\/><\/figure>\n\n\n\n<figure class=\"wp-block-image size-large is-style-twentytwentyone-image-frame\"><img decoding=\"async\" src=\"https:\/\/bajoelcandildigital.files.wordpress.com\/2022\/05\/image-17.png?w=1024\" alt=\"\" class=\"wp-image-382\"\/><\/figure>\n\n\n\n<figure class=\"wp-block-image size-large is-style-twentytwentyone-image-frame\"><img decoding=\"async\" src=\"https:\/\/bajoelcandildigital.files.wordpress.com\/2022\/05\/image-18.png?w=913\" alt=\"\" class=\"wp-image-383\"\/><\/figure>\n\n\n\n<div class=\"wp-block-group\"><div class=\"wp-block-group__inner-container is-layout-flow wp-block-group-is-layout-flow\">\n<div class=\"wp-block-group is-vertical is-layout-flex wp-container-core-group-is-layout-8cf370e7 wp-block-group-is-layout-flex\">\n<p class=\"has-extra-small-font-size\">Publicada el\u00a026 de mayo de 2022<\/p>\n\n\n\n<div class=\"wp-block-group has-extra-small-font-size\"><div class=\"wp-block-group__inner-container is-layout-flow wp-block-group-is-layout-flow\">\n<p>Por\u00a0<a href=\"https:\/\/artheke.com\/?author=1\">Cebri\u00e1n Gonz\u00e1lez, Mar\u00eda Teresa<\/a><\/p>\n<\/div><\/div>\n<\/div>\n<\/div><\/div>\n","protected":false},"excerpt":{"rendered":"<p>GEACRON \u00abEs la base de datos geotemporal m\u00e1s poderosa del mundo para la investigaci\u00f3n hist\u00f3rica, la educaci\u00f3n y la difusi\u00f3n de hallazgos\u00bb (Geacron). ATLAS HIST\u00d3RICO MUNDIAL INTERACTIVO DESDE 3000 a.C. Se trata de una aplicaci\u00f3n de datos geogr\u00e1ficos bas\u00e1ndose en una base de datos estructurada por vectores. Desarrollan un sistema GIS temporal real y pueden&hellip; <a class=\"more-link\" href=\"https:\/\/www.artheke.com\/?page_id=925\">Seguir leyendo <span class=\"screen-reader-text\">Mapas en l\u00ednea<\/span><\/a><\/p>\n","protected":false},"author":1,"featured_media":0,"parent":0,"menu_order":0,"comment_status":"closed","ping_status":"closed","template":"","meta":{"footnotes":""},"class_list":["post-925","page","type-page","status-publish","hentry","entry"],"_links":{"self":[{"href":"https:\/\/www.artheke.com\/index.php?rest_route=\/wp\/v2\/pages\/925","targetHints":{"allow":["GET"]}}],"collection":[{"href":"https:\/\/www.artheke.com\/index.php?rest_route=\/wp\/v2\/pages"}],"about":[{"href":"https:\/\/www.artheke.com\/index.php?rest_route=\/wp\/v2\/types\/page"}],"author":[{"embeddable":true,"href":"https:\/\/www.artheke.com\/index.php?rest_route=\/wp\/v2\/users\/1"}],"replies":[{"embeddable":true,"href":"https:\/\/www.artheke.com\/index.php?rest_route=%2Fwp%2Fv2%2Fcomments&post=925"}],"version-history":[{"count":4,"href":"https:\/\/www.artheke.com\/index.php?rest_route=\/wp\/v2\/pages\/925\/revisions"}],"predecessor-version":[{"id":964,"href":"https:\/\/www.artheke.com\/index.php?rest_route=\/wp\/v2\/pages\/925\/revisions\/964"}],"wp:attachment":[{"href":"https:\/\/www.artheke.com\/index.php?rest_route=%2Fwp%2Fv2%2Fmedia&parent=925"}],"curies":[{"name":"wp","href":"https:\/\/api.w.org\/{rel}","templated":true}]}}